{"id":488,"date":"2017-11-17T08:39:27","date_gmt":"2017-11-17T08:39:27","guid":{"rendered":"http:\/\/www2.walkinglugano.ch\/?page_id=488"},"modified":"2026-01-19T12:48:37","modified_gmt":"2026-01-19T12:48:37","slug":"panorama-10-7-km","status":"publish","type":"page","link":"https:\/\/www.walkinglugano.ch\/?page_id=488&lang=de","title":{"rendered":"Panorama &#8211; 10.1 Km"},"content":{"rendered":"\n<p><strong>Die klassische Strecke von Walking Lugano, mit einer herrlichen Aussicht auf die Sch\u00f6nheiten der Region.<\/strong><\/p>\n\n\n\n<hr class=\"wp-block-separator has-alpha-channel-opacity\"\/>\n\n\n\n<p><strong>Strecke<br>\n<\/strong>Distanz 10.1 km | Mindest-\/H\u00f6chsth\u00f6he 272m\/481m<br>\n<strong><a href=\"https:\/\/map.schweizmobil.ch\/?lang=it&amp;bgLayer=pk&amp;season=summer&amp;resolution=3.2&amp;E=2717390&amp;N=1095989&amp;photos=yes&amp;logo=yes&amp;detours=yes&amp;trackId=915717094\" target=\"_blank\" rel=\"noopener\">Hier<\/a><\/strong> der Link zum Download der Strecke auf das Smartphone bald verf\u00fcgbar.<\/p>\n\n\n\n<p><strong><br>\nBeschaffenheit<\/strong><br>\nEine H\u00fcgelstrecke von mittlerer L\u00e4nge (10.1 km). Sie f\u00fchrt hinauf nach Pregassona, dann auf einem Gehweg durch die ruhige H\u00fcgellandschaft nach Albonago und Ruvigliana, dann hinunter nach Castagnola. Geniessen Sie die herrliche Aussicht auf den Golf von Lugano. R\u00fcckkehr via Cassarate.<\/p>\n\n\n\n<p><strong><br>\nKategorie<br>\n<\/strong>Walking und Nordic Walking (nicht leistungsorientiert)<strong>&nbsp;<\/strong><\/p>\n\n\n\n<hr class=\"wp-block-separator has-alpha-channel-opacity\"\/>\n\n\n\n<p><strong>Startgeld und Aufpreis<\/strong><\/p>\n\n\n\n<ul class=\"wp-block-list\">\n<li><strong><a href=\"https:\/\/www.walkinglugano.ch\/?page_id=447&amp;lang=de\" target=\"_blank\" rel=\"noopener noreferrer\">mehr dazu<\/a><\/strong><\/li>\n<\/ul>\n\n\n\n<hr class=\"wp-block-separator has-alpha-channel-opacity\"\/>\n\n\n\n<p><strong>Start<\/strong><strong><br>\n<\/strong>10 h 20, Piazza Manzoni<\/p>\n\n\n\n<p><strong><br>\nMittlere Laufzeit<br>\n<\/strong>1 h 40 Min (max. Gehzeit: 2h 45 min*)<\/p>\n\n\n\n<p><em>*<strong>Bitte beachten Sie<\/strong>: Um einen reibungslosen Ablauf der Veranstaltung zu gew\u00e4hrleisten, gibt es eine zeitliche Begrenzung. Bei \u00dcberschreitung des Zeitlimits kann der Veranstalter nicht f\u00fcr die Verpflegung und Beschilderung entlang der Strecke garantieren.<\/em><\/p>\n\n\n\n<hr class=\"wp-block-separator has-alpha-channel-opacity\"\/>\n\n\n\n<p><b>Wie anmelden?<\/b><\/p>\n\n\n\n<ul class=\"wp-block-list\">\n<li><a href=\"http:\/\/www2.walkinglugano.ch\/?page_id=450&amp;lang=de\"><strong>mehr dazu<\/strong><\/a><\/li>\n<\/ul>\n\n\n\n<p><strong><br>\nWettkampfpaket<\/strong><\/p>\n\n\n\n<ul class=\"wp-block-list\">\n<li><strong><a href=\"http:\/\/www2.walkinglugano.ch\/?page_id=466&amp;lang=de\">mehr dazu<\/a><\/strong><\/li>\n<\/ul>\n\n\n\n<hr class=\"wp-block-separator has-alpha-channel-opacity\"\/>\n\n\n\n<p><strong>Streckenkarte<\/strong><\/p>\n\n\n<div class=\"wp-block-image\">\n<figure class=\"alignleft size-large\"><img loading=\"lazy\" decoding=\"async\" width=\"1024\" height=\"576\" src=\"https:\/\/www.walkinglugano.ch\/wp-content\/uploads\/2026\/01\/Panorama-10.1km-1024x576.jpg\" alt=\"\" class=\"wp-image-4524\" srcset=\"https:\/\/www.walkinglugano.ch\/wp-content\/uploads\/2026\/01\/Panorama-10.1km-1024x576.jpg 1024w, https:\/\/www.walkinglugano.ch\/wp-content\/uploads\/2026\/01\/Panorama-10.1km-300x169.jpg 300w, https:\/\/www.walkinglugano.ch\/wp-content\/uploads\/2026\/01\/Panorama-10.1km-768x432.jpg 768w, https:\/\/www.walkinglugano.ch\/wp-content\/uploads\/2026\/01\/Panorama-10.1km-520x292.jpg 520w, https:\/\/www.walkinglugano.ch\/wp-content\/uploads\/2026\/01\/Panorama-10.1km-740x416.jpg 740w, https:\/\/www.walkinglugano.ch\/wp-content\/uploads\/2026\/01\/Panorama-10.1km.jpg 1366w\" sizes=\"auto, (max-width: 1024px) 100vw, 1024px\" \/><\/figure><\/div>\n\n\n<p><\/p>\n\n\n\n<p><strong>&nbsp;<\/strong><\/p>\n","protected":false},"excerpt":{"rendered":"<p><a class=\"read-more\" href=\"https:\/\/www.walkinglugano.ch\/?page_id=488&#038;lang=de\">Info<\/a><\/p>\n","protected":false},"author":2,"featured_media":0,"parent":476,"menu_order":0,"comment_status":"closed","ping_status":"closed","template":"","meta":{"footnotes":""},"class_list":["post-488","page","type-page","status-publish","hentry"],"_links":{"self":[{"href":"https:\/\/www.walkinglugano.ch\/index.php?rest_route=\/wp\/v2\/pages\/488","targetHints":{"allow":["GET"]}}],"collection":[{"href":"https:\/\/www.walkinglugano.ch\/index.php?rest_route=\/wp\/v2\/pages"}],"about":[{"href":"https:\/\/www.walkinglugano.ch\/index.php?rest_route=\/wp\/v2\/types\/page"}],"author":[{"embeddable":true,"href":"https:\/\/www.walkinglugano.ch\/index.php?rest_route=\/wp\/v2\/users\/2"}],"replies":[{"embeddable":true,"href":"https:\/\/www.walkinglugano.ch\/index.php?rest_route=%2Fwp%2Fv2%2Fcomments&post=488"}],"version-history":[{"count":34,"href":"https:\/\/www.walkinglugano.ch\/index.php?rest_route=\/wp\/v2\/pages\/488\/revisions"}],"predecessor-version":[{"id":4526,"href":"https:\/\/www.walkinglugano.ch\/index.php?rest_route=\/wp\/v2\/pages\/488\/revisions\/4526"}],"up":[{"embeddable":true,"href":"https:\/\/www.walkinglugano.ch\/index.php?rest_route=\/wp\/v2\/pages\/476"}],"wp:attachment":[{"href":"https:\/\/www.walkinglugano.ch\/index.php?rest_route=%2Fwp%2Fv2%2Fmedia&parent=488"}],"curies":[{"name":"wp","href":"https:\/\/api.w.org\/{rel}","templated":true}]}}