{"id":485,"date":"2017-11-17T08:37:06","date_gmt":"2017-11-17T08:37:06","guid":{"rendered":"http:\/\/www2.walkinglugano.ch\/?page_id=485"},"modified":"2026-01-19T12:47:36","modified_gmt":"2026-01-19T12:47:36","slug":"melide-8-2-km-start-in-melide","status":"publish","type":"page","link":"https:\/\/www.walkinglugano.ch\/?page_id=485&lang=de","title":{"rendered":"Melide &#8211; 7 Km (Start in Melide)"},"content":{"rendered":"\n<p><strong>Eine Strecke von mittlerem Schwierigkeitsgrad. Von Melide dem See entlang nach Lugano.<\/strong><\/p>\n\n\n\n<hr class=\"wp-block-separator has-alpha-channel-opacity\"\/>\n\n\n\n<p><strong>Strecke<br><br><\/strong>Distanz 7 Km | Mindest-\/H\u00f6chsth\u00f6he 271m\/314m<br> <strong><a href=\"https:\/\/map.schweizmobil.ch\/?lang=it&amp;bgLayer=pk&amp;season=summer&amp;resolution=8.43&amp;E=2717190&amp;N=1091563&amp;photos=yes&amp;logo=yes&amp;detours=yes&amp;trackId=5147585\" target=\"_blank\" rel=\"noopener\">Hier<\/a><\/strong> der Link zum Download der Strecke auf das Smartphone bald verf\u00fcgbar.<\/p>\n\n\n\n<p><strong><br>\nBeschaffenheit<\/strong><br>\nDiese herrliche ebene Strecke von Melide nach Lugano&nbsp; f\u00fchrt auf der eigens daf\u00fcr gesperrten Strasse der Forca di San Martino vollst\u00e4ndig dem sch\u00f6nen Luganer See entlang.<\/p>\n\n\n\n<p><strong><br>\nKategorie<br>\n<\/strong>Walking und Nordic Walking (nicht leistungsorientiert)<strong>&nbsp;<\/strong><\/p>\n\n\n\n<hr class=\"wp-block-separator has-alpha-channel-opacity\"\/>\n\n\n\n<p><strong>Startgeld und Aufpreis<\/strong><\/p>\n\n\n\n<ul class=\"wp-block-list\">\n<li><strong><a href=\"https:\/\/www.walkinglugano.ch\/?page_id=447&amp;lang=de\" target=\"_blank\" rel=\"noopener noreferrer\">mehr dazu<\/a><\/strong><\/li>\n<\/ul>\n\n\n\n<hr class=\"wp-block-separator has-alpha-channel-opacity\"\/>\n\n\n\n<p><strong>Start<\/strong><strong><br>\n<\/strong>10h45, n\u00e4he Bahnhof SBB Melide<\/p>\n\n\n\n<p><strong>Transport zum Start mit den \u00f6ffentlichen Verkehrsmitteln im Startgeld inbegriffen<\/strong><strong><br>\n<\/strong>Die Strecke f\u00fchrt von Melide nach Lugano. Um den Start in Melide zu erreichen, raten wir, die \u00f6ffentlichen Verkehrsmittel des Tarifverbundes Arcobaleno zu ben\u00fctzen (die Anmeldung beinhaltet eine Tageskarte Arcobaleno, 2. Klasse, alle Zonen, g\u00fcltig am Veranstaltungstag).<\/p>\n\n\n\n<p><em>Der Start liegt wenige Minuten zu Fuss vom Bahnhof Melide entfernt.<\/em><\/p>\n\n\n\n<p>Informationen zum Fahrplan der Z\u00fcge und anderen \u00f6ffentlichen Verkehrsmitteln: www.arcobaleno.ch<\/p>\n\n\n\n<p><strong><br>\nBeachten Sie auch die Kategorie &#8220;Lake &amp; Walking&#8221;: Im Startgeld inbegriffen ist die Schifffahrt von Lugano nach Melide.<\/strong><\/p>\n\n\n\n<p><strong><br>\nMittlere Laufzeit<br>\n<\/strong>1 h 20 min (max. Gehzeit: 2h*)<br>\n<em>*<strong>Bitte beachten Sie<\/strong>: Um einen reibungslosen Ablauf der Veranstaltung zu gew\u00e4hrleisten, gibt es eine zeitliche Begrenzung. Bei \u00dcberschreitung des Zeitlimits kann der Veranstalter nicht f\u00fcr die Verpflegung und Beschilderung entlang der Strecke garantieren.<\/em><\/p>\n\n\n\n<hr class=\"wp-block-separator has-alpha-channel-opacity\"\/>\n\n\n\n<p><b>Wie anmelden?<\/b><\/p>\n\n\n\n<ul class=\"wp-block-list\">\n<li><strong><a href=\"http:\/\/www2.walkinglugano.ch\/?page_id=450&amp;lang=de\">mehr dazu<\/a><\/strong><\/li>\n<\/ul>\n\n\n\n<p><strong><br>\nWettkampfpaket am Ziel in Lugano<\/strong><\/p>\n\n\n\n<ul class=\"wp-block-list\">\n<li><a href=\"http:\/\/www2.walkinglugano.ch\/?page_id=466&amp;lang=de\"><strong>mehr dazu<\/strong><\/a><\/li>\n<\/ul>\n\n\n\n<hr class=\"wp-block-separator has-alpha-channel-opacity\"\/>\n\n\n\n<p><strong>Streckenkarte<\/strong><\/p>\n\n\n<div class=\"wp-block-image\">\n<figure class=\"alignleft size-large\"><img loading=\"lazy\" decoding=\"async\" width=\"1024\" height=\"576\" src=\"https:\/\/www.walkinglugano.ch\/wp-content\/uploads\/2026\/01\/Melide-7km-1024x576.jpg\" alt=\"\" class=\"wp-image-4521\" srcset=\"https:\/\/www.walkinglugano.ch\/wp-content\/uploads\/2026\/01\/Melide-7km-1024x576.jpg 1024w, https:\/\/www.walkinglugano.ch\/wp-content\/uploads\/2026\/01\/Melide-7km-300x169.jpg 300w, https:\/\/www.walkinglugano.ch\/wp-content\/uploads\/2026\/01\/Melide-7km-768x432.jpg 768w, https:\/\/www.walkinglugano.ch\/wp-content\/uploads\/2026\/01\/Melide-7km-520x292.jpg 520w, https:\/\/www.walkinglugano.ch\/wp-content\/uploads\/2026\/01\/Melide-7km-740x416.jpg 740w, https:\/\/www.walkinglugano.ch\/wp-content\/uploads\/2026\/01\/Melide-7km.jpg 1366w\" sizes=\"auto, (max-width: 1024px) 100vw, 1024px\" \/><\/figure><\/div>\n\n\n<p><\/p>\n","protected":false},"excerpt":{"rendered":"<p><a class=\"read-more\" href=\"https:\/\/www.walkinglugano.ch\/?page_id=485&#038;lang=de\">Info<\/a><\/p>\n","protected":false},"author":2,"featured_media":0,"parent":476,"menu_order":0,"comment_status":"closed","ping_status":"closed","template":"","meta":{"footnotes":""},"class_list":["post-485","page","type-page","status-publish","hentry"],"_links":{"self":[{"href":"https:\/\/www.walkinglugano.ch\/index.php?rest_route=\/wp\/v2\/pages\/485","targetHints":{"allow":["GET"]}}],"collection":[{"href":"https:\/\/www.walkinglugano.ch\/index.php?rest_route=\/wp\/v2\/pages"}],"about":[{"href":"https:\/\/www.walkinglugano.ch\/index.php?rest_route=\/wp\/v2\/types\/page"}],"author":[{"embeddable":true,"href":"https:\/\/www.walkinglugano.ch\/index.php?rest_route=\/wp\/v2\/users\/2"}],"replies":[{"embeddable":true,"href":"https:\/\/www.walkinglugano.ch\/index.php?rest_route=%2Fwp%2Fv2%2Fcomments&post=485"}],"version-history":[{"count":42,"href":"https:\/\/www.walkinglugano.ch\/index.php?rest_route=\/wp\/v2\/pages\/485\/revisions"}],"predecessor-version":[{"id":4523,"href":"https:\/\/www.walkinglugano.ch\/index.php?rest_route=\/wp\/v2\/pages\/485\/revisions\/4523"}],"up":[{"embeddable":true,"href":"https:\/\/www.walkinglugano.ch\/index.php?rest_route=\/wp\/v2\/pages\/476"}],"wp:attachment":[{"href":"https:\/\/www.walkinglugano.ch\/index.php?rest_route=%2Fwp%2Fv2%2Fmedia&parent=485"}],"curies":[{"name":"wp","href":"https:\/\/api.w.org\/{rel}","templated":true}]}}