{"id":426,"date":"2017-11-17T07:52:18","date_gmt":"2017-11-17T07:52:18","guid":{"rendered":"http:\/\/www2.walkinglugano.ch\/?page_id=426"},"modified":"2021-01-05T14:41:29","modified_gmt":"2021-01-05T14:41:29","slug":"anreise","status":"publish","type":"page","link":"https:\/\/www.walkinglugano.ch\/?page_id=426&lang=de","title":{"rendered":"Anreise"},"content":{"rendered":"<p><strong>Oeffentliche Verkehrsmittel im Startgeld inbegriffen<br \/>\n<\/strong>Wir raten den Teilnehmenden, den Anlass mit den \u00f6ffentlichen Verkehrsmitteln zu besuchen. Profitieren Sie von der in die Startnummer eingef\u00fcgten Tageskarte Arcobaleno (2. Klasse, alle Zonen, g\u00fcltig am Veranstaltungstag). Das Village des Events befindet sich im Stadtzentrum auf der Piazza Manzoni\/Riforma.<\/p>\n<p>Die Startbereiche der Strecken \u201eMelide\u201c und \u201eAgno\u201c sind ebenfalls bequem mit den \u00f6ffentlichen Verkehrsmitteln erreichbar (SBB und FLP-Bahn S60).<\/p>\n<p>Informationen und Fahrpl\u00e4ne:\u00a0<a href=\"http:\/\/www.arcobaleno.ch\/\" target=\"_blank\" rel=\"noopener\">www.arcobaleno.ch\u00a0<\/a><\/p>\n<p><strong>\u00a0<\/strong><\/p>\n<p><em>Partner der Mobilit\u00e4t:<\/em><\/p>\n<p><a href=\"https:\/\/arcobaleno.ch\/\" target=\"_blank\" rel=\"noopener\"><img loading=\"lazy\" decoding=\"async\" class=\"alignnone wp-image-1714\" src=\"http:\/\/www.walkingmendrisio.ch\/wp-content\/uploads\/2017\/10\/arcobaleno_RGB.jpg\" sizes=\"auto, (max-width: 296px) 100vw, 296px\" srcset=\"https:\/\/www.walkingmendrisio.ch\/wp-content\/uploads\/2017\/10\/arcobaleno_RGB.jpg 1701w, https:\/\/www.walkingmendrisio.ch\/wp-content\/uploads\/2017\/10\/arcobaleno_RGB-300x90.jpg 300w, https:\/\/www.walkingmendrisio.ch\/wp-content\/uploads\/2017\/10\/arcobaleno_RGB-768x230.jpg 768w, https:\/\/www.walkingmendrisio.ch\/wp-content\/uploads\/2017\/10\/arcobaleno_RGB-1024x307.jpg 1024w, https:\/\/www.walkingmendrisio.ch\/wp-content\/uploads\/2017\/10\/arcobaleno_RGB-520x156.jpg 520w, https:\/\/www.walkingmendrisio.ch\/wp-content\/uploads\/2017\/10\/arcobaleno_RGB-740x222.jpg 740w\" alt=\"\" width=\"296\" height=\"89\" \/><\/a><\/p>\n<p>&nbsp;<\/p>\n<p><strong>Mit dem Auto<br \/>\n<\/strong>Von S\u00fcden: Nehmen Sie die Autobahn dei Laghi Richtung Como \u2013 Gotthard bis zur Schweizer Grenze Chiasso \u2013 Brogeda. Bleiben Sie auf der Autobahn A2 Richtung Norden und folgen Sie der Beschilderung Richtung Lugano. Empfohlene Ausfahrt: Lugano S\u00fcd.<\/p>\n<p>Von Norden: Folgen Sie den Angaben Richtung Gotthard \u2013 Chiasso \u2013 Italien auf der Autobahn A2.\u00a0Nehmen Sie dann die Ausfahrt Lugano S\u00fcd.<\/p>\n","protected":false},"excerpt":{"rendered":"<p><a class=\"read-more\" href=\"https:\/\/www.walkinglugano.ch\/?page_id=426&#038;lang=de\">Info<\/a><\/p>\n","protected":false},"author":2,"featured_media":0,"parent":422,"menu_order":0,"comment_status":"closed","ping_status":"closed","template":"","meta":{"footnotes":""},"class_list":["post-426","page","type-page","status-publish","hentry"],"_links":{"self":[{"href":"https:\/\/www.walkinglugano.ch\/index.php?rest_route=\/wp\/v2\/pages\/426","targetHints":{"allow":["GET"]}}],"collection":[{"href":"https:\/\/www.walkinglugano.ch\/index.php?rest_route=\/wp\/v2\/pages"}],"about":[{"href":"https:\/\/www.walkinglugano.ch\/index.php?rest_route=\/wp\/v2\/types\/page"}],"author":[{"embeddable":true,"href":"https:\/\/www.walkinglugano.ch\/index.php?rest_route=\/wp\/v2\/users\/2"}],"replies":[{"embeddable":true,"href":"https:\/\/www.walkinglugano.ch\/index.php?rest_route=%2Fwp%2Fv2%2Fcomments&post=426"}],"version-history":[{"count":6,"href":"https:\/\/www.walkinglugano.ch\/index.php?rest_route=\/wp\/v2\/pages\/426\/revisions"}],"predecessor-version":[{"id":2152,"href":"https:\/\/www.walkinglugano.ch\/index.php?rest_route=\/wp\/v2\/pages\/426\/revisions\/2152"}],"up":[{"embeddable":true,"href":"https:\/\/www.walkinglugano.ch\/index.php?rest_route=\/wp\/v2\/pages\/422"}],"wp:attachment":[{"href":"https:\/\/www.walkinglugano.ch\/index.php?rest_route=%2Fwp%2Fv2%2Fmedia&parent=426"}],"curies":[{"name":"wp","href":"https:\/\/api.w.org\/{rel}","templated":true}]}}