{"id":2260,"date":"2021-02-10T13:47:23","date_gmt":"2021-02-10T13:47:23","guid":{"rendered":"http:\/\/www.walkinglugano.ch\/?page_id=2260"},"modified":"2024-12-04T13:49:58","modified_gmt":"2024-12-04T13:49:58","slug":"unsere-soziale-engagement","status":"publish","type":"page","link":"https:\/\/www.walkinglugano.ch\/?page_id=2260&lang=de","title":{"rendered":"UNSER SOZIALES ENGAGEMENT Helfen Sie uns&#8230; zu helfen"},"content":{"rendered":"<p>Walking Lugano m\u00f6chete einen direkten Beitrag zur F\u00f6rderung des Territoriums, der Gesundheit, des Umweltschutzes und der Einbeziehung von Menschen mit Einschr\u00e4nkungen durch konkrete Massnahmen leisten:<\/p>\n<p>\u00a0<\/p>\n<p><strong>F\u00f6rderung der Gesundheit und der Region<br \/><\/strong>Raiffeisen Walking Lugano ist ein Event f\u00fcr die Bev\u00f6lkerung, der das Ziel hat, die Gesundheit, die Freude an der Bewegung und die Region Lugano zu f\u00f6rdern. Jeder kann teilnehmen, unabh\u00e4ngig von Alter, Geschlecht oder Fitnesslevel. Die Walking- und Nordic Walking-Strecken sind nicht kompetitiv sondern erlauben es den Teilnehmenden, die sch\u00f6nsten, aber auch weniger bekannten Ecken der Region zu entdecken. Es steht eine breite Auswahl an Strecken \u00fcber verschiedene Distanzen und von unterschiedlichem Schwierigkeitsgrad zur Verf\u00fcgung.<\/p>\n<hr \/>\n<p><strong>\u00d6ffentliche Verkehrsmittel im Startgeld enthalten<br \/><\/strong>Im Startgeld inbegriffen ist eine Tageskarte Arcobaleno (2. Klasse, alle Zonen, g\u00fcltig am Veranstaltungstag, aufgedruckt auf die Startnummer). Sie erlaubt die angenehme Anreise zum Event mit den \u00f6ffentlichen Verkehrsmitteln.<\/p>\n<hr \/>\n<p><strong>Freiwillige Helfer: Unterst\u00fctzung lokaler Vereine<br \/><\/strong>Walking Lugano unterst\u00fctzt lokale Sport- und Freizeitvereine, die anl\u00e4sslich des Anlasses freiwillige Helfer zur Verf\u00fcgung stellen. Der Erl\u00f6s des Events geht an diese regionalen Einrichtungen.<\/p>\n<hr \/>\n<p><strong>Einbeziehung von Menschen mit Einschr\u00e4nkungen<br \/><\/strong>Mit der flachen, hindernisfreien Strecke &#8220;Relax&#8221; f\u00f6rdert Walking Lugano die Einbeziehung von Menschen mit k\u00f6rperlichen Einschr\u00e4nkungen.\u00a0<\/p>\n<hr \/>\n<p><strong>Zusammenarbeit mit lokalen Unternehmen<br \/><\/strong>Walking Lugano arbeitet mit Unternehmen mit Sitz im Tessin f\u00fcr die Zusammenstellung des Wettkampfpakets, der Verpflegung und der Herstellung des Werbematerials zusammen.<\/p>\n<p>\u00a0<\/p>\n\n\n<p><\/p>\n","protected":false},"excerpt":{"rendered":"<p><a class=\"read-more\" href=\"https:\/\/www.walkinglugano.ch\/?page_id=2260&#038;lang=de\">Info<\/a><\/p>\n","protected":false},"author":2,"featured_media":0,"parent":0,"menu_order":0,"comment_status":"closed","ping_status":"closed","template":"","meta":{"footnotes":""},"class_list":["post-2260","page","type-page","status-publish","hentry"],"_links":{"self":[{"href":"https:\/\/www.walkinglugano.ch\/index.php?rest_route=\/wp\/v2\/pages\/2260","targetHints":{"allow":["GET"]}}],"collection":[{"href":"https:\/\/www.walkinglugano.ch\/index.php?rest_route=\/wp\/v2\/pages"}],"about":[{"href":"https:\/\/www.walkinglugano.ch\/index.php?rest_route=\/wp\/v2\/types\/page"}],"author":[{"embeddable":true,"href":"https:\/\/www.walkinglugano.ch\/index.php?rest_route=\/wp\/v2\/users\/2"}],"replies":[{"embeddable":true,"href":"https:\/\/www.walkinglugano.ch\/index.php?rest_route=%2Fwp%2Fv2%2Fcomments&post=2260"}],"version-history":[{"count":6,"href":"https:\/\/www.walkinglugano.ch\/index.php?rest_route=\/wp\/v2\/pages\/2260\/revisions"}],"predecessor-version":[{"id":3993,"href":"https:\/\/www.walkinglugano.ch\/index.php?rest_route=\/wp\/v2\/pages\/2260\/revisions\/3993"}],"wp:attachment":[{"href":"https:\/\/www.walkinglugano.ch\/index.php?rest_route=%2Fwp%2Fv2%2Fmedia&parent=2260"}],"curies":[{"name":"wp","href":"https:\/\/api.w.org\/{rel}","templated":true}]}}