{"id":1462,"date":"2019-12-13T13:21:49","date_gmt":"2019-12-13T13:21:49","guid":{"rendered":"http:\/\/www.walkinglugano.ch\/?page_id=1462"},"modified":"2025-09-24T08:22:00","modified_gmt":"2025-09-24T08:22:00","slug":"il-nostro-impegno-sociale","status":"publish","type":"page","link":"https:\/\/www.walkinglugano.ch\/?page_id=1462","title":{"rendered":"IL NOSTRO IMPEGNO SOCIALE"},"content":{"rendered":"\n<p>Walking Lugano si impegna a promuovere sani valori come la promozione del territorio, della salute, dell\u2019ecologia e dell\u2019inclusione delle persone con disabilit\u00e0 applicando misure concrete:<\/p>\n\n\n\n<p>&nbsp;<\/p>\n\n\n\n<p><strong>Promozione della salute e della regione<\/strong><\/p>\n\n\n\n<p>Raiffeisen Walking Lugano \u00e8 una manifestazione popolare che intende promuovere la&nbsp;salute, il movimento e la regione di Lugano. \u00c8 un evento aperto al pubblico di ogni et\u00e0, sesso ed allenamento. I percorsi walking e nordic walking non sono competitivi e permettono ai partecipanti di scoprire gli angoli pi\u00f9 belli (ma pure meno conosciuti) della regione. \u00c8 prevista una vasta scelta di tracciati di varie distanze, difficolt\u00e0 e livelli di allenamento.<\/p>\n\n\n\n<p><strong>&nbsp;<\/strong><\/p>\n\n\n\n<p><strong>Mezzi pubblici inclusi nell\u2019iscrizione<\/strong><\/p>\n\n\n\n<p>La quota d\u2019iscrizione include una carta giornaliera Arcobaleno (2a classe, tutte le zone, valida il giorno dell\u2019evento, inviata via email) che permetter\u00e0 a tutti i partecipanti di recarsi all\u2019evento comodamente con i mezzi pubblici.<\/p>\n\n\n\n<p>&nbsp;<\/p>\n\n\n\n<p><strong>Volontari: sostegno alle realt\u00e0 locali<\/strong><\/p>\n\n\n\n<p>Walking Lugano si impegna a sostenere le associazioni ricreative e sportive locali che in occasione dell\u2019evento metteranno a disposizione collaboratori volontari. I proventi dell\u2019evento andranno in fatto a favore di questi movimenti regionali.<\/p>\n\n\n\n<p>&nbsp;<\/p>\n\n\n\n<p><strong>Inclusione delle persone con disabilit\u00e0<\/strong><\/p>\n\n\n\n<p>Walking Lugano contribuisce inoltre all\u2019inclusione delle persone con disabilit\u00e0 proponendo un tracciato pianeggiante accessibile a tutti e senza barriere (Relax).<\/p>\n\n\n\n<p>&nbsp;<\/p>\n\n\n\n<p><strong>Collaborazione con aziende locali<\/strong><\/p>\n\n\n\n<p>Walking Lugano collabora con aziende con sede in Ticino per quel che riguarda la fornitura del pacco gara, i rifornimenti e la produzione di materiale promozionale.<\/p>\n","protected":false},"excerpt":{"rendered":"<p><a class=\"read-more\" href=\"https:\/\/www.walkinglugano.ch\/?page_id=1462\">Info<\/a><\/p>\n","protected":false},"author":2,"featured_media":0,"parent":0,"menu_order":0,"comment_status":"closed","ping_status":"closed","template":"","meta":{"footnotes":""},"class_list":["post-1462","page","type-page","status-publish","hentry"],"_links":{"self":[{"href":"https:\/\/www.walkinglugano.ch\/index.php?rest_route=\/wp\/v2\/pages\/1462","targetHints":{"allow":["GET"]}}],"collection":[{"href":"https:\/\/www.walkinglugano.ch\/index.php?rest_route=\/wp\/v2\/pages"}],"about":[{"href":"https:\/\/www.walkinglugano.ch\/index.php?rest_route=\/wp\/v2\/types\/page"}],"author":[{"embeddable":true,"href":"https:\/\/www.walkinglugano.ch\/index.php?rest_route=\/wp\/v2\/users\/2"}],"replies":[{"embeddable":true,"href":"https:\/\/www.walkinglugano.ch\/index.php?rest_route=%2Fwp%2Fv2%2Fcomments&post=1462"}],"version-history":[{"count":13,"href":"https:\/\/www.walkinglugano.ch\/index.php?rest_route=\/wp\/v2\/pages\/1462\/revisions"}],"predecessor-version":[{"id":4309,"href":"https:\/\/www.walkinglugano.ch\/index.php?rest_route=\/wp\/v2\/pages\/1462\/revisions\/4309"}],"wp:attachment":[{"href":"https:\/\/www.walkinglugano.ch\/index.php?rest_route=%2Fwp%2Fv2%2Fmedia&parent=1462"}],"curies":[{"name":"wp","href":"https:\/\/api.w.org\/{rel}","templated":true}]}}

<p>Walking Lugano si impegna a promuovere sani valori come la promozione del territorio, della salute, dell’ecologia e dell’inclusione delle persone con disabilità applicando misure concrete:</p>



<p>&nbsp;</p>



<p><strong>Promozione della salute e della regione</strong></p>



<p>Raiffeisen Walking Lugano è una manifestazione popolare che intende promuovere la&nbsp;salute, il movimento e la regione di Lugano. È un evento aperto al pubblico di ogni età, sesso ed allenamento. I percorsi walking e nordic walking non sono competitivi e permettono ai partecipanti di scoprire gli angoli più belli (ma pure meno conosciuti) della regione. È prevista una vasta scelta di tracciati di varie distanze, difficoltà e livelli di allenamento.</p>



<p><strong>&nbsp;</strong></p>



<p><strong>Mezzi pubblici inclusi nell’iscrizione</strong></p>



<p>La quota d’iscrizione include una carta giornaliera Arcobaleno (2a classe, tutte le zone, valida il giorno dell’evento, inviata via email) che permetterà a tutti i partecipanti di recarsi all’evento comodamente con i mezzi pubblici.</p>



<p>&nbsp;</p>



<p><strong>Volontari: sostegno alle realtà locali</strong></p>



<p>Walking Lugano si impegna a sostenere le associazioni ricreative e sportive locali che in occasione dell’evento metteranno a disposizione collaboratori volontari. I proventi dell’evento andranno in fatto a favore di questi movimenti regionali.</p>



<p>&nbsp;</p>



<p><strong>Inclusione delle persone con disabilità</strong></p>



<p>Walking Lugano contribuisce inoltre all’inclusione delle persone con disabilità proponendo un tracciato pianeggiante accessibile a tutti e senza barriere (Relax).</p>



<p>&nbsp;</p>



<p><strong>Collaborazione con aziende locali</strong></p>



<p>Walking Lugano collabora con aziende con sede in Ticino per quel che riguarda la fornitura del pacco gara, i rifornimenti e la produzione di materiale promozionale.</p>
